101222
Convert 2542 (base 6) to base 10.
638
e4a2 (base 16) to base 2
1110010010100010
What is -6006 (base 8) in base 9?
-4200
What is -16c3 (base 16) in base 6?
-42551
What is 211222 (base 3) in base 14?
324
-15070 (base 12) to base 13
-10542
What is 32d (base 16) in base 4?
30231
What is -1a (base 11) in base 5?
-41
What is -c16 (base 14) in base 15?
-a82
-c4b (base 13) to base 3
-2212110
2322 (base 12) to base 2
111101001010
-2013 (base 7) to base 10
-696
-2a3 (base 16) to base 8
-1243
Convert 144b0 (base 15) to base 4.
33322212
What is -cd7 (base 14) in base 8?
-4755
Convert -244 (base 11) to base 15.
-145
11ac4 (base 15) to base 6
1113134
Convert -10001 (base 4) to base 10.
-257
Convert -7368 (base 9) to base 4.
-1110200
Convert -2213 (base 7) to base 4.
-30122
Convert 111102110 (base 3) to base 10.
9786
Convert 11001001111000 (base 2) to base 9.
18645
Convert -11111111011011 (base 2) to base 5.
-1010342
Convert -dca (base 14) to base 3.
-10201222
What is -238 (base 16) in base 9?
-701
Convert 521 (base 10) to base 6.
2225
12763 (base 14) to base 15
d693
1784 (base 10) to base 5
24114
What is 196 (base 16) in base 2?
110010110
Convert -1221221 (base 3) to base 12.
-9b1
Convert 214042 (base 6) to base 15.
53c8
What is 86d4 (base 14) in base 2?
101101100010010
-7a52 (base 13) to base 15
-5126
1362 (base 7) to base 11
446
What is -24473 (base 8) in base 4?
-2210323
What is -c05 (base 13) in base 10?
-2033
What is -1696 (base 14) in base 6?
-30432
33122 (base 7) to base 6
102225
-65 (base 9) to base 6
-135
Convert -744 (base 11) to base 13.
-53b
Convert -296 (base 13) to base 8.
-715
What is 20412 (base 5) in base 13?
805
132312 (base 4) to base 3
2201010
Convert -666 (base 11) to base 5.
-11143
Convert -121220 (base 4) to base 16.
-668
-101210 (base 3) to base 16
-123
Convert -13440 (base 5) to base 4.
-101200
What is 5267 (base 8) in base 15?
c2d
-1a577 (base 14) to base 9
-111738
Convert -b2a (base 14) to base 16.
-892
-56716 (base 9) to base 10
-37761
-124546 (base 7) to base 9
-34814
Convert 12584 (base 13) to base 16.
8474
What is 2b81 (base 13) in base 16?
18d6
Convert 15255 (base 7) to base 9.
5746
Convert 21126 (base 8) to base 5.
240130
What is 3650 (base 11) in base 4?
1022212
What is -367 (base 9) in base 15?
-154
-10727 (base 8) to base 14
-1943
What is 7826 (base 12) in base 6?
141250
Convert 3443 (base 5) to base 8.
762
-10110111001 (base 2) to base 11
-1112
Convert 38b4 (base 12) to base 5.
201342
What is -4170 (base 15) in base 9?
-20866
Convert 744 (base 8) to base 14.
268
What is a35 (base 12) in base 14?
77b
What is 2045 (base 7) in base 12?
4bb
What is 8664 (base 13) in base 6?
222240
Convert -134b (base 12) to base 5.
-32334
Convert 636 (base 11) to base 5.
11030
What is 2474 (base 9) in base 3?
2112111
Convert 121202012 (base 3) to base 15.
393e
-54c (base 15) to base 6
-5313
Convert -17220 (base 8) to base 9.
-11653
Convert 11001010 (base 2) to base 6.
534
Convert cc3 (base 15) to base 14.
109d
Convert 466 (base 7) to base 15.
114
Convert -cc55 (base 15) to base 10.
-43280
Convert edee (base 15) to base 3.
2120010122
-1101011111101011 (base 2) to base 11
-38590
What is 74a (base 15) in base 5?
23040
Convert -13552 (base 8) to base 14.
-2282
-200 (base 8) to base 13
-9b
What is -35b (base 13) in base 10?
-583
Convert -31240 (base 5) to base 6.
-13330
-2490 (base 12) to base 8
-10054
Convert 808 (base 10) to base 6.
3424
What is -11001000 (base 2) in base 15?
-d5
Convert -7234 (base 12) to base 6.
-133304
Convert 111002210 (base 3) to base 10.
9552
Convert -806 (base 12) to base 5.
-14113
Convert -52ed (base 16) to base 9.
-32107
Convert 10034 (base 5) to base 7.
1610
130202 (base 4) to base 9
2448
109c1 (base 15) to base 2
1100111001011111
What is 394 (base 11) in base 13?
29b
27 (base 15) to base 5
122
What is -1771 (base 15) in base 12?
-2b14
Convert 1020121 (base 3) to base 2.
1110001011
What is 861 (base 9) in base 4?
22333
6d7 (base 15) to base 5
22202
What is -1544 (base 10) in base 5?
-22134
433f (base 16) to base 5
1022330
315 (base 6) to base 15
7e
128 (base 11) to base 16
97
328 (base 14) to base 16
270
-55155 (base 8) to base 7
-124330
Convert -2559 (base 15) to base 3.
-101220210
-3111340 (base 5) to base 16
-c69d
What is -16608 (base 11) in base 16?
-5b41
What is -558 (base 9) in base 16?
-1ca
Convert 12019 (base 10) to base 8.
27363
What is 366a (base 13) in base 16?
1e0d
3454 (base 6) to base 11
691
-23a (base 15) to base 7
-1321
-54745 (base 9) to base 5
-2130304
Convert 1122121022 (base 3) to base 16.
7f04
-25506 (base 8) to base 4
-2231012
What is 203022 (base 4) in base 3?
10002100
Convert 5c (base 15) to base 11.
7a
542 (base 6) to base 11
178
What is -3310401 (base 5) in base 9?
-86136
Convert 200012 (base 5) to base 12.
3755
1310 (base 8) to base 4
23020
Convert -101001011110 (base 2) to base 8.
-5136
What is 2110322 (base 5) in base 4?
20210033
Convert -247 (base 9) to base 14.
-109
Convert 617 (base 10) to base 13.
386
Convert -1202200 (base 3) to base 12.
-8b3
Convert 32606 (base 8) to base 5.
414302
Convert 121 (base 4) to base 8.
31
What is 24a (base 16) in base 8?
1112
-3151 (base 6) to base 7
-2041
What is 19138 (base 10) in base 13?
8932
What is -44532 (base 6) in base 9?
-8512
324 (base 10) to base 11
275
Convert -104c (base 14) to base 10.
-2812
Convert -8472 (base 13) to base 16.
-47a9
What is -19b7 (base 16) in base 13?
-2cc5
Convert 3748 (base 13) to base 7.
31561
Convert -39 (base 10) to base 5.
-124
Convert -1752 (base 10) to base 11.
-1353
20a30 (base 12) to base 16
a7c4
What is 7184 (base 10) in base 7?
26642
Convert -1620 (base 9) to base 13.
-73b
Convert 1557 (base 8) to base 12.
613
1d7 (base 16) to base 12
333
What is c682 (base 14) in base 15?
a213
-2dc (base 15) to base 11
-548
What is -a8 (base 15) in base 6?
-422
-1105 (base 8) to base 3
-210112
Convert -242 (base 10) to base 7.
-464
What is 116b (base 13) in base 2?
100110010111
-a (base 12) to base 13
-a
What is -11110010000 (base 2) in base 14?
-9c4
What is 5320 (base 6) in base 16?
4b0
What is 3242 (base 5) in base 16?
1bf
What is 540504 (base 6) in base 11?
30276
501 (base 9) to base 8
626
Convert 8137 (base 13) to base 4.
10111333
-506 (base 8) to base 11
-277
-222002 (base 6) to base 16
-4892
What is -210111 (base 3) in base 14?
-2d6
What is -13bb (base 12) in base 5?
-33203
What is 83dd (base 15) in base 2?
110110011101011
Convert -5941 (base 10) to base 8.
-13465
-23a07 (base 13) to base 16
-ff82
Convert -2424 (base 8) to base 4.
-110110
Convert 22103 (base 4) to base 9.
812
Convert -1051 (base 6) to base 3.
-100011
2436 (base 8) to base 12
912
Convert -64342 (base 9) to base 11.
-29a84
-653 (base 16) to base 10
-1619
Convert -3123 (base 4) to base 6.
-1003
What is -10120031 (base 4) in base 6?
-215005
256 (base 9) to base 10
213
What is -110010101000 (base 2) in base 7?
-12306
Convert -76 (base 10) to base 9.
-84
Convert -a (base 13) to base 6.
-14
Convert 24006 (base 7) to base 8.
14044
Convert 9fe (base 16) to base 9.
3452
-1063 (base 12) to base 10
-1803
-143c5 (base 13) to base 9
-57131
What is -122542 (base 6) in base 3?
-120002122
-36325 (base 7) to base 8
-22323
Convert -10110120 (base 4) to base 16.
-4518
-202211002 (base 3) to base 14
-5760
What is -17947 (base 10) in base 6?
-215031
Convert 2568 (base 16) to base 12.
5660
What is 29110 (base 10) in base 16?
71b6
-1051 (base 7) to base 3
-112001
Convert -1201 (base 13) to base 16.
-9e8
What is 422 (base 7) in base 6?
552
1060 (base 7) to base 5
3020
What is 51757 (base 9) in base 11?
23729
-242201 (base 5) to base 2
-10001101011011
5434 (base 7) to base 2
11110010000
Convert 92 (base 14) to base 2.
10000000
1142133 (base 5) to base 12
10573
What is -57 (base 9) in base 14?
-3a
-197 (base 16) to base 7
-1121
-a76 (base 15) to base 8
-4471
Convert 7177 (base 15) to base 10.
23962
What is 23a2 (base 14) in base 10?
6218
-123 (base 8) to base 12
-6b
Convert 153333 (base 6) to base 11.
10327
-415 (base 6) to base 11
-131
What is 343415 (base 7) in base 13?
21b66
What is 4158 (base 12) in base 13?
3320
2910 (base 11) to base 2
111010110010
Convert 11252 (base 11) to base 3.
211022122
1133 (base 5) to base 2
10101000
-4a (base 16) to base 3
-2202
What is -6